factors of u(17).
3917
Suppose -5*l + 3*l - 12 = 0. What are the prime factors of 4*l/(-15)*10/4?
2
Let f = -2735 + 4675. List the prime factors of f.
2, 5, 97
Let r(v) = -v**3 + 4*v**2 - 3*v. Let x = -7 + 10. Let p be r(x). What are the prime factors of (p + 2)*30/6?
2, 5
Let i(g) = -36*g + 1073. What are the prime factors of i(0)?
29, 37
List the prime factors of ((-4)/(-2))/(14/2373) - -4.
7
Let p(u) = u**2 + 9*u + 17. Let a be p(8). Suppose 5*z = -c + 2*z + 104, 0 = 2*c - 5*z - a. What are the prime factors of c?
89
Let k = 15 + -10. What are the prime factors of 2574/55 - 4/k?
2, 23
Let r(n) be the first derivative of -n**4/4 - n**3/3 + n**2/2 + 3*n - 7. Suppose -c - 3*c = 12. What are the prime factors of r(c)?
2, 3
What are the prime factors of 176/20*(-22 - -5)*-15?
2, 3, 11, 17
Suppose 176*d - 190*d + 44352 = 0. List the prime factors of d.
2, 3, 11
Suppose -1972 = -2*j + 2*s, 22*j = 25*j - s - 2964. What are the prime factors of j?
23, 43
Let i = -5 - -31. Let u = 42 - i. What are the prime factors of u?
2
Let j(a) = -5*a + 452 - 454 - a. List the prime factors of j(-6).
2, 17
List the prime factors of (-12938)/(-16) + (-10)/(160/(-6)).
809
Suppose -7 = z + 3*w, 4*z + 0*z = -w + 16. Suppose -94 = -b + g - 11, 2*b + z*g - 159 = 0. List the prime factors of b.
2, 41
Let v be 4470/9 + (-5)/(-15) + 0. Suppose 209 = 5*s + 2*q - v, -q - 417 = -3*s. What are the prime factors of s?
2, 5, 7
Suppose -30025 = -29*z + 6515. List the prime factors of z.
2, 3, 5, 7
Let v = -246 - -347. List the prime factors of v.
101
Let z = 1444 - -2352. List the prime factors of z.
2, 13, 73
Let u(j) = -1 + 11*j + 9 + 3 - 4. What are the prime factors of u(7)?
2, 3, 7
Let j = -165 + 314. Suppose 3*m + 7*z + 85 = 2*z, -m = -4*z + 17. What are the prime factors of (-10)/m*(1 + j)?
2, 3, 5
Let u be -3*(1 - 7/3). Suppose 5*f - 3*f - 79 = -3*k, -4*k = -u*f + 148. Let b = f - 17. What are the prime factors of b?
3, 7
Let z = -10 - -9. Let x be 120/(-16) - z/2. Let v = x + 10. What are the prime factors of v?
3
What are the prime factors of (-62)/(-217) - (-2 + 17286/(-14))?
1237
Suppose -7*q + 6 = -10*q. What are the prime factors of 53*(-5 - q - -4)?
53
Let l be (0 - 4)*5/(-4). Suppose -4*z = -4*r + 4, -4*r - 1 = -0*z - l*z. Let f(s) = -s**3 + 8*s**2 - 6*s + 6. List the prime factors of f(r).
2, 3, 7
Suppose 0 = r - 4, -2*x + 3*x + 5*r = 24. Suppose x*c = 2*c - 12. What are the prime factors of (-85)/(-6) + 1/c?
2, 7
Suppose 0 = -4*m - 48 - 8. List the prime factors of (-550)/m + (36/(-28) - -1).
3, 13
Let d = -207 + 296. List the prime factors of d.
89
Suppose 11 = 9*t + 2. What are the prime factors of (8/(-4))/((-4)/124*t)?
2, 31
Suppose 0 = -11*r + 678 + 741. Suppose -r + 1 = -z. What are the prime factors of z?
2
Suppose 4*y = -4*l - 0*y + 16, 3*y = l - 8. Suppose 3*g = -b + 146, -l*b + 65 = -5*g - 705. What are the prime factors of b?
2, 19
Let y = -129 + 199. Suppose c = -2*l - 3*c + y, 4*l - 2*c - 180 = 0. What are the prime factors of l?
43
Suppose w - 3 = -1, -3*f + 3*w = -210. Suppose -v + 30 = 2*o, o - 10 + f = 3*v. Suppose -3*r - 4*x = 2*r - v, 3*x - 9 = 0. List the prime factors of r.
2
Let j(l) = -l**2 - 16*l + 10. Let g be j(-22). Let z = 127 + g. List the prime factors of z.
5
Suppose 16 = -4*m - 0*m. What are the prime factors of ((-60)/(-16) + m)*-52?
13
Let q(l) = l**2 + 1. Let o(a) = 2*a**3 - 8*a**2 - 3*a - 7. Let j(c) = -o(c) - 5*q(c). List the prime factors of j(-2).
2, 3
Let s(t) = 2*t**2 + 6*t + 9. Let d be s(-6). Let q = 207 - 194. Let g = d - q. What are the prime factors of g?
2
Let y be 1806/(-14)*14/(-3). Let q be (-15)/2*y/(-21). What are the prime factors of 1/8 + q/8?
3
Let a(y) be the first derivative of y**3/3 + 4*y**2 - 4*y - 2. Let x be a(-9). Suppose 0 = 8*n - x*n - 90. What are the prime factors of n?
2, 3, 5
Let l = 7 + -3. Let i be 0/(-1 - (-12)/l). Suppose 22 = 2*n - i*n. List the prime factors of n.
11
Let u = -9 - -19. Suppose 0*v - u = -5*v. List the prime factors of ((-43)/(-1 + v))/(-1).
43
Let f(m) = 5*m**2 - m - 2. Suppose 6 = -k - 2*u, -u - 18 = -4*k + 3. Suppose -5*v + k*g + 15 = 0, 5 = 2*v - 2*g - 1. What are the prime factors of f(v)?
2, 5
Let p(h) = h**2 + 6*h - 1. Let y be p(-7). Suppose -4*g + y*g = 134. What are the prime factors of g?
67
Let s be (4 + 62)/(0 - -2). Suppose -4*k - s = -h, k + 36 = h - 0*k. Suppose 3*c - h = -r, 6*c - 2*c - 130 = -5*r. What are the prime factors of r?
2, 11
Suppose -13*w + 462 = -18531. What are the prime factors of w?
3, 487
Let u be (-5 + -3)*(-14)/4. Let b(q) = -3*q**2 + 4. Let c be b(3). Let i = c + u. What are the prime factors of i?
5
Let s be (-9 + 12)/(1/3). Let j be s + (-1 - 2 - -5). List the prime factors of j + 2 + -2 + 2.
13
Let l = 692 - -393. List the prime factors of l.
5, 7, 31
Let i = 86 + -126. Suppose 2*d - p = 181, d + 5*p = 111 - 26. Let m = i + d. What are the prime factors of m?
2, 5
Let g = -11 - -13. Suppose -g*y = y - 18. Suppose p + 45 = y*p. List the prime factors of p.
3
Let v = 470 + -186. What are the prime factors of v?
2, 71
Let k be (34/8 + -6)/((-1)/976). Suppose -130*x + k = -123*x. List the prime factors of x.
2, 61
Let a = -14 + 20. Suppose -80 = -a*i + 2*i. List the prime factors of i.
2, 5
Suppose 2*w + w = 15. Suppose -y = y + s - 91, w*y - s - 217 = 0. List the prime factors of y.
2, 11
Let p = -29 - -34. Suppose -7*c + p*c = -104. What are the prime factors of c?
2, 13
Let c(n) = -n**3 - 3*n**2 - 2*n + 2. Let x be c(-2). Suppose -5*k - x + 12 = 0. List the prime factors of k + -2 + (-6)/(-2).
3
Suppose 2*f + 298 = -3*f + 2*q, 0 = f - q + 62. Let n = f + 176. What are the prime factors of n?
2, 59
Suppose 2*n = 3*y + 1229 + 1382, n + 5*y - 1273 = 0. List the prime factors of n.
2, 11, 59
Suppose -65 = -3*r - 167. Let b = 105 + r. What are the prime factors of b?
71
Let w be 0*(-1)/(-12)*4. Suppose 5*r + 117 + 148 = w. List the prime factors of (-4)/(4 - 8) - r.
2, 3
Let w be -1*(2 + 4 + -4). What are the prime factors of w/(-3) - 448/(-21)?
2, 11
Let k(l) = 44*l**2 + 44*l + 18. What are the prime factors of k(7)?
2, 17, 73
What are the prime factors of 18/252 + (-120678)/(-28)?
2, 5, 431
Let s(p) = p**3 + 10*p**2 - p - 10. Let h be s(-10). List the prime factors of (-4 + 88)/2 + h/1.
2, 3, 7
Let d = 495 - 347. List the prime factors of d.
2, 37
Let x = -3 - -5. Let i be (-4 + (-2 - -1))/(-1). Suppose x*v - 75 = 5*j, i*v - 4*j = 2*v + 102. List the prime factors of v.
2, 3, 5
Let q be (-52)/(-10)*(-20)/4. Let j = 28 + q. Suppose a - 4*a + 67 = -j*o, o + 2 = 0. What are the prime factors of a?
3, 7
Let j be 16/7 - 2/7. Suppose -2*q - j = -3*s, -q + 10 = 3*q + s. Suppose q*d + 2*d = 64. What are the prime factors of d?
2
Let n(w) = 17*w**2 - 6*w - 3. What are the prime factors of n(-4)?
293
Let o = -15 - -7. Let u be 2*(12/o)/3. List the prime factors of (21/(-15) - u)*-50.
2, 5
Let x = -472 + 967. List the prime factors of x.
3, 5, 11
Suppose -5*q + 4*q - 123 = -5*z, -4*z + 2*q = -102. Let u = -14 + z. List the prime factors of u.
2, 5
Let r = -932 - -4374. What are the prime factors of r?
2, 1721
Suppose 0 = -3*p - 4*p. Suppose -2*n + 83 + 85 = p. What are the prime factors of n?
2, 3, 7
Suppose -4*w + 5*t = -145, -9 - 132 = -4*w + t. Suppose -53 + 179 = -a - 4*m, 2*m = -3*a - 338. List the prime factors of 10/w + a/(-7).
2
Let a = 23 + -21. Let x(d) = -d**3 + 4*d**2 + d - 2. Let u be x(3). List the prime factors of (u/(-4))/(a/(-12)).
3, 5
Let d(a) = 261*a + 146. What are the prime factors of d(5)?
1451
Let v = -318 - -280. Suppose 4*r + 85 = -r. Let l = r - v. What are the prime factors of l?
3, 7
Let b be (469/14)/((-1)/(-12)). Suppose 5*f + 157 - b = 0. What are the prime factors of f?
7
Let f(q) = -3*q - 4. Let o(c) = -c**2 - 19*c - 14. Let l be o(-19). What are the prime factors of f(l)?
2, 19
List the prime factors of 1/11 + 332990/385.
5, 173
What are the prime factors of (6/2)/(((-63)/786)/(-7))?
2, 131
Let t(q) = q**2 + 9*q + 2. Let k be t(-10). Suppose k = -3*y + y. Let l(n) = -3*n + 5. List the prime factors of l(y).
23
Suppose -2*v + 374 = -556. What are the prime factors of v?
3, 5, 31
Let n = 528 - 190. List the prime factors of n.
2, 13
List the prime factors of 1685 + (176/(-33) - 4/6).
23, 73
Let m(w) = 8*w**2 - 